uppose 18*w - 3 = 105. Calculate the remainder when (-2)/5 + 1936/40 is divided by (-1)/(((-18)/39)/w).
9
Let s = 80 - 88. Calculate the remainder when ((-28)/s)/(10/840) is divided by 37.
35
What is the remainder when 9/(-63) + 3585/7 is divided by 509?
3
Let l = 247 + -122. What is the remainder when l is divided by -2288 + 2277 - 6/(-1*(-4)/(-10))?
1
Let g = -43226 + 44874. What is the remainder when g is divided by 530?
58
Let f = 287 - 229. Suppose 0 = 2*z - f - 50. What is the remainder when 215 is divided by z?
53
Let u(b) = -4*b - 12. Let d be u(8). Let v(t) = -2*t**3 + 2*t**2 + 16*t - 4. Let k be v(-8). Calculate the remainder when (-4)/22 - k/d is divided by 12.
11
Let f(l) be the second derivative of 3*l**3/2 - 23*l**2/2 + 11*l - 3. What is the remainder when f(14) is divided by 7?
5
Let a(p) = -p**3 + 20*p**2 + 71*p - 43. Let w be a(23). Calculate the remainder when 61 is divided by 9 + 9 - (w - -2).
9
Let a = 11210 + -11137. What is the remainder when 1020 is divided by a?
71
Suppose -k - 4*a + 0 - 2 = 0, 0 = 5*a - 25. Let m(h) = h**3 + 22*h**2 + 12. What is the remainder when 42 is divided by m(k)?
6
Suppose -m + 146 = 120. Let k = 14 - 13. What is the remainder when m is divided by (-41 + k)*2/(-5)?
10
Suppose 9 = 5*a - 5*k - 41, -4*a - 2*k + 10 = 0. Suppose a*r - 37 = 38. What is the remainder when r is divided by 14?
1
Let y be (-2)/7 - 6/(-63)*-879. Let q = 87 + y. Calculate the remainder when 15/3*(q + 11 - 0) is divided by 6.
4
Let q(p) = 359*p**2 + 14*p - 7. Calculate the remainder when 657 is divided by q(-1).
319
Let f be (-9 - -47) + 6/3. Calculate the remainder when (-37 + f)*(1 - (-266)/6) is divided by 39.
19
Let f = -12 - -5. Let r(x) = -x**2 - 9*x. Suppose 2*y + 3*z = -0*y + 176, -3*y - 2*z = -254. Calculate the remainder when y is divided by r(f).
12
Let j(d) = d**2 + 2*d - 7. Suppose -5*s + 21 = -3*g, 0 = -s - 6*g + 8*g + 7. What is the remainder when s is divided by j(-4)?
0
Calculate the remainder when ((-28)/(-21))/((-506)/(-168) - 3) is divided by 75.
37
Let y = -214 + 288. What is the remainder when 1008/7 - (-2)/(-2) is divided by y?
69
Let c be -6 + 176/28 + 2152/14. Suppose -469 + c = -5*y. What is the remainder when 501 is divided by y?
60
Suppose -32*r + 31*r + 2697 = 5*h, h + r - 533 = 0. What is the remainder when h is divided by 260?
21
Let p be 2/(6/45) - -3. Suppose -11*m = -p*m. Suppose m = -4*w - 4*r + 548, -4*w - 5*r + 543 + 1 = 0. What is the remainder when w is divided by 29?
25
Suppose 2147 - 1073 + 3203 = 91*s. Calculate the remainder when 203 is divided by s.
15
Suppose -52*s = 53*s - 1572 - 108. What is the remainder when 2864/6 - (-1)/(-3) is divided by s?
13
Suppose 6*a - 82 = -106. Let j(n) = -5*n + 95. Calculate the remainder when j(a) is divided by 51.
13
Suppose -2 = -2*w + 20. What is the remainder when 42/(-5)*(11 + (-16 - (7 - 7))) is divided by w?
9
Suppose -3*k = c - 1806, 0 = 23*c - 22*c - 3. Calculate the remainder when k is divided by 86.
85
Let b(k) = -k**2 - 11*k - 3. Suppose -42 = -3*o - 4*o. Let d be (-34)/o - 15/45. What is the remainder when 72 is divided by b(d)?
18
Let u = 8537 + -8429. What is the remainder when 662 is divided by u?
14
Suppose h - 4*n - 59 = 0, 31*h - 1009 = 17*h - 5*n. Calculate the remainder when 862 is divided by h.
10
Suppose -16*d + 6*d = -370. Calculate the remainder when 2189 is divided by d.
6
Suppose 23*d - 24*d + i = -372, 3*i - 1876 = -5*d. What is the remainder when d is divided by 54?
50
Let h = -3277 + 3395. Calculate the remainder when 935 is divided by h.
109
Let z be -1*(-325 + 0) - 5. What is the remainder when (-64)/z*(1 - 216) is divided by 11?
10
Suppose y - 5*m = -55, -4*m - 217 = 33*y - 28*y. What is the remainder when 113 is divided by 22 - (6/y + (-140)/75)?
17
Let b(u) = 43*u + 1686. What is the remainder when b(-27) is divided by 67?
56
Suppose 896 = w - 2*g, w - 893 = -0*w - g. Suppose d - 5*n = 22572 - 22579, 109 = 5*d - n. Calculate the remainder when w is divided by d.
20
Suppose 7*r = -3*q + 1146, 3*r - 694 = q - 196. Calculate the remainder when 580 is divided by r.
85
Suppose j - 287 = -0*j + 11. Calculate the remainder when j is divided by 272.
26
Suppose -9*f + 150 = 15. What is the remainder when 3066 is divided by f?
6
Suppose -2*q - 3*i + 375 = 0, -6*q = -4*q + 2*i - 374. Calculate the remainder when 223 is divided by q.
37
Suppose -438 = 5*u - 0*g + g, -g = -2. Let k = 238 + u. What is the remainder when k is divided by 14?
10
Suppose c = 2, -1298*a - 28 = -1299*a - 2*c. Calculate the remainder when 3020 is divided by a.
20
Suppose -138*w = 145*w - 260*w - 104121. Calculate the remainder when w is divided by 16.
15
Let c(q) = 17*q + 73. Let d be c(-4). Suppose d*u + 22 = f, 10 = f - 2*f - 3*u. What is the remainder when 2 is divided by f?
0
Let q(x) = x**3 - 4*x**2 + 15*x - 26. What is the remainder when 779 is divided by q(4)?
31
Suppose 91*j = 12*j - 611 + 4877. Suppose -2*t = 3*t - 790. What is the remainder when t is divided by j?
50
Let j = -13672 + 13702. Let v(k) = -6*k**3 + 5*k + 7. Let n(f) = 7*f**3 - 6*f - 8. Let c(x) = -2*n(x) - 3*v(x). What is the remainder when c(4) is divided by j?
29
Let u(g) = -g**2 - 19*g + 29. Let a be u(-16). Let n = -74 + a. Calculate the remainder when ((-4)/8)/(1/(-18)) is divided by n.
0
Suppose -104*r + 752 - 282 = -882. What is the remainder when 797 is divided by r?
4
Let b = -17 + 21. Suppose 2*q - 11*v = -6*v + 139, -v + 245 = b*q. What is the remainder when q is divided by 14?
6
Let d = -187 + 360. Suppose -3*u + d = 5. Let p = 10 - -5. What is the remainder when u is divided by p?
11
Suppose -4*z - 608*o + 168 = -604*o, 0 = 2*z - 4*o - 54. What is the remainder when 956 is divided by z?
31
Let o be (-24)/(-20)*10/4. Suppose -5*x = 2*b - 62, -4*x + o*b + 49 = 4*b. Calculate the remainder when 153 is divided by x.
9
What is the remainder when -5*(-16)/(-360) + 32964/108 is divided by 146?
13
Let k(w) = -40*w + 56*w - 7 - 29*w. What is the remainder when 124 is divided by k(-3)?
28
Let p = -26166 + 26251. Calculate the remainder when p is divided by 15/(2 - 3 - -2).
10
Let z be (-3104)/(-6) - (33/(-9) - -3). Suppose 0 = 9*p + 5*p - z. Calculate the remainder when 146 is divided by p.
35
Let n(r) = -15*r**3 + 563*r**2 + 37*r - 83. What is the remainder when n(37) is divided by 68?
66
Let c(v) = -v**3 - 12*v**2 - 2*v - 6*v + 2*v + 2 + 5*v. Calculate the remainder when (39/2)/(1/2) is divided by c(-12).
11
Let b(n) = 3*n**2 - 6*n. Suppose -112*y + 1238 = 342. Calculate the remainder when b(4) is divided by y.
0
Let b = -98 + 479. Let x = 476 - b. Calculate the remainder when x is divided by 25.
20
Let o = 32211 - 32193. What is the remainder when 1083 is divided by o?
3
Let y(n) = 19*n**2 - 2*n - 1. Calculate the remainder when 28 + -2 - (600/300 + -13 + 0) is divided by y(-1).
17
Calculate the remainder when 44 is divided by 90/825*350 - (-4)/22*-1.
6
Suppose -21*u = -6682 - 8690. Calculate the remainder when u is divided by 274.
184
Let v(m) = m**3 - 23*m**2 - 24*m. Let a be v(24). Suppose a = -7*x + 332 + 46. What is the remainder when x is divided by (-42)/(-4)*16/6?
26
Suppose -n + 30 = -6. Calculate the remainder when 124 is divided by 3*152/n*6/4.
10
Let j(g) = -g**2 + 7*g + 3. What is the remainder when -7 + (-3 - -6 - -11) + 39 is divided by j(5)?
7
Let s(o) = o**3 - 11*o + 9. Let f be s(5). Suppose -90 = f*j - 80*j. Calculate the remainder when j + 0 + (-1 - 0) is divided by 46.
43
Let o be (((-6)/(-5))/(-3))/((-3)/(-45)). Calculate the remainder when (-12)/18 + ((-1580)/o)/5 is divided by 1/(-2) - 74/(-4).
16
Suppose -31*c = -19 - 43. Suppose -q - 2*q = 15, c*m - 3*q - 63 = 0. Calculate the remainder when m is divided by 19.
5
Suppose 0 = 173*x - 195*x + 15444. What is the remainder when x is divided by 21?
9
Let y be -30*(-104)/(-120)*6. Let m = y + 158. What is the remainder when 2 is divided by m?
0
Suppose -3*d - 2592 = -11*d. What is the remainder when d is divided by 163?
161
Suppose -5*k = -4*j + 638, 9*k + 692 = 4*j + 13*k. Let f(r) = 1 + 0*r + 1 + 1 + 2*r. Calculate the remainder when j is divided by f(7).
14
What is the remainder when 170*(6 - 9)/(-6) is divided by (37 - 5*12/30) + -2?
19
Let d be 12/28 - 130/(-7). Suppose -3*n + 11 + d = 0. Cal